{"id":255,"date":"2015-09-29T11:36:16","date_gmt":"2015-09-29T11:36:16","guid":{"rendered":"http:\/\/plethorathemes.com\/healthx\/?page_id=255"},"modified":"2025-04-21T11:52:15","modified_gmt":"2025-04-21T11:52:15","slug":"contact","status":"publish","type":"page","link":"https:\/\/www.ambulanceberrchid.com\/?page_id=255","title":{"rendered":"Contact"},"content":{"rendered":"<div class=\"wpb-content-wrapper\"><p>[vc_row full_width=&#8221;0&#8243; full_height=&#8221;0&#8243; row_padding=&#8221;no_padding&#8221; particles=&#8221;0&#8243;][vc_column width=&#8221;1\/2&#8243; heading_align=&#8221;text-center&#8221; color_set=&#8221;secondary_section&#8221; boxed=&#8221;boxed_plus&#8221; margin=&#8221;margin_bottom_grid&#8221;][vc_empty_space height=&#8221;64px&#8221;]\n<div class=\"wpcf7 no-js\" id=\"wpcf7-f1826-o1\" lang=\"en-US\" dir=\"ltr\" data-wpcf7-id=\"1826\">\n<div class=\"screen-reader-response\"><p role=\"status\" aria-live=\"polite\" aria-atomic=\"true\"><\/p> <ul><\/ul><\/div>\n<form action=\"\/index.php?rest_route=%2Fwp%2Fv2%2Fpages%2F255#wpcf7-f1826-o1\" method=\"post\" class=\"wpcf7-form init demo\" aria-label=\"Contact form\" novalidate=\"novalidate\" data-status=\"init\">\n<fieldset class=\"hidden-fields-container\"><input type=\"hidden\" name=\"_wpcf7\" value=\"1826\" \/><input type=\"hidden\" name=\"_wpcf7_version\" value=\"6.1.5\" \/><input type=\"hidden\" name=\"_wpcf7_locale\" value=\"en_US\" \/><input type=\"hidden\" name=\"_wpcf7_unit_tag\" value=\"wpcf7-f1826-o1\" \/><input type=\"hidden\" name=\"_wpcf7_container_post\" value=\"0\" \/><input type=\"hidden\" name=\"_wpcf7_posted_data_hash\" value=\"\" \/>\n<\/fieldset>\n<p>Your Name (required)\n<\/p>\n<p><span class=\"wpcf7-form-control-wrap\" data-name=\"your-name\"><input size=\"40\" maxlength=\"400\" class=\"wpcf7-form-control wpcf7-form-control form-control wpcf7-validates-as-required\" aria-required=\"true\" aria-invalid=\"false\" value=\"\" type=\"text\" name=\"your-name\" \/><\/span>\n<\/p>\n<p>Your Email (required)\n<\/p>\n<p><span class=\"wpcf7-form-control-wrap\" data-name=\"your-email\"><input size=\"40\" maxlength=\"400\" class=\"wpcf7-form-control wpcf7-form-control form-control wpcf7-validates-as-required wpcf7-form-control form-control wpcf7-validates-as-email\" aria-required=\"true\" aria-invalid=\"false\" value=\"\" type=\"email\" name=\"your-email\" \/><\/span>\n<\/p>\n<p>Subject\n<\/p>\n<p><span class=\"wpcf7-form-control-wrap\" data-name=\"your-subject\"><input size=\"40\" maxlength=\"400\" class=\"wpcf7-form-control wpcf7-form-control form-control\" aria-invalid=\"false\" value=\"\" type=\"text\" name=\"your-subject\" \/><\/span>\n<\/p>\n<p>Your Message\n<\/p>\n<p><span class=\"wpcf7-form-control-wrap\" data-name=\"your-message\"><textarea cols=\"40\" rows=\"10\" maxlength=\"2000\" class=\"wpcf7-form-control wpcf7-form-control wpcf7-form-control form-control\" aria-invalid=\"false\" name=\"your-message\"><\/textarea><\/span>\n<\/p>\n<p><button class=\"btn btn-primary wpcf7-response-output wpcf7-display-none\">SEND<\/button>\n<\/p><div class=\"wpcf7-response-output\" aria-hidden=\"true\"><\/div>\n<\/form>\n<\/div>\n[vc_empty_space][\/vc_column][vc_column width=&#8221;1\/2&#8243; heading_align=&#8221;text-center&#8221; boxed=&#8221;boxed_plus&#8221;][vc_single_image image=&#8221;1162&#8243; img_size=&#8221;&#8221;][vc_text_separator title=&#8221;Contactez Ambulance Berrechid Nacerddine Secours&#8221; title_align=&#8221;separator_align_left&#8221;][vc_column_text]<\/p>\n<div class=\"wpb_text_column wpb_content_element \">\n<div class=\"wpb_wrapper\">\n<p class=\"\" data-start=\"227\" data-end=\"419\">Vous avez besoin d\u2019une ambulance en urgence ou souhaitez r\u00e9server un transport m\u00e9dicalis\u00e9 ?<br data-start=\"318\" data-end=\"321\" \/>Notre \u00e9quipe est disponible 24h\/24 et 7j\/7 pour r\u00e9pondre \u00e0 vos besoins rapidement et efficacement.<\/p>\n<hr class=\"\" data-start=\"421\" data-end=\"424\" \/>\n<h3 class=\"\" data-start=\"426\" data-end=\"452\"><strong data-start=\"433\" data-end=\"452\">Nos coordonn\u00e9es<\/strong><\/h3>\n<ul data-start=\"454\" data-end=\"632\">\n<li class=\"\" data-start=\"454\" data-end=\"506\">\n<p class=\"\" data-start=\"456\" data-end=\"506\"><strong data-start=\"459\" data-end=\"474\">T\u00e9l\u00e9phone :<\/strong> <a rel=\"noopener\" data-start=\"475\" data-end=\"504\">0661-199948<\/a><\/p>\n<\/li>\n<li class=\"\" data-start=\"507\" data-end=\"570\">\n<p class=\"\" data-start=\"509\" data-end=\"570\"><strong data-start=\"512\" data-end=\"523\">Email :<\/strong> <a rel=\"noopener\" data-start=\"524\" data-end=\"554\">contact@ambulanceberrechid.com<\/a> <em data-start=\"555\" data-end=\"568\">(\u00e0 activer)<\/em><\/p>\n<\/li>\n<li class=\"\" data-start=\"571\" data-end=\"632\">\n<p class=\"\" data-start=\"573\" data-end=\"632\"><strong data-start=\"576\" data-end=\"589\">Adresse :<\/strong> Berrechid, R\u00e9gion Casablanca-Settat, Maroc<\/p>\n<\/li>\n<\/ul>\n<hr class=\"\" data-start=\"634\" data-end=\"637\" \/>\n<h3 class=\"\" data-start=\"639\" data-end=\"673\"><strong data-start=\"646\" data-end=\"673\">Horaires d\u2019intervention<\/strong><\/h3>\n<p class=\"\" data-start=\"675\" data-end=\"767\">Nous sommes disponibles <strong data-start=\"699\" data-end=\"719\">24 heures sur 24<\/strong>, <strong data-start=\"721\" data-end=\"738\">7 jours sur 7<\/strong>, y compris les jours f\u00e9ri\u00e9s.<\/p>\n<p>&nbsp;<\/p>\n<\/div>\n<\/div>\n<p>[\/vc_column_text][\/vc_column][\/vc_row][vc_row color_set=&#8221;secondary_section&#8221; align=&#8221;text-center&#8221; full_width=&#8221;0&#8243; full_height=&#8221;0&#8243; transparent_overlay=&#8221;transparent_film&#8221; background=&#8221;bgimage&#8221; bgimage=&#8221;2170&#8243; parallax=&#8221;0&#8243;][vc_column]<div class=\"section_header subtitle_bottom   fancy text-center\">\n\n    <h3 class=\"\" style=\"text-align: center;\" data-start=\"1229\" data-end=\"1271\">Besoin d\u2019une ambulance maintenant ?<\/h3>\n<p class=\"\" style=\"text-align: center;\" data-start=\"1273\" data-end=\"1378\"><strong data-start=\"1276\" data-end=\"1334\">Appelez directement le : <a rel=\"noopener\" data-start=\"1303\" data-end=\"1332\">0661-199948<\/a><\/strong><br data-start=\"1334\" data-end=\"1337\" \/>Un ambulancier vous r\u00e9pond imm\u00e9diatement.<\/p>\n<div id=\"gtx-trans\" style=\"position: absolute; left: 235px; top: 51.9062px;\">\n<div class=\"gtx-trans-icon\"><\/div>\n<\/div>\n\n\n        <p ><\/p>\n<\/div>[\/vc_column][\/vc_row]<\/p>\n<\/div>","protected":false},"excerpt":{"rendered":"<p>[vc_row full_width=&#8221;0&#8243; full_height=&#8221;0&#8243; row_padding=&#8221;no_padding&#8221; particles=&#8221;0&#8243;][vc_column width=&#8221;1\/2&#8243; heading_align=&#8221;text-center&#8221; color_set=&#8221;secondary_section&#8221; boxed=&#8221;boxed_plus&#8221; margin=&#8221;margin_bottom_grid&#8221;][vc_empty_space height=&#8221;64px&#8221;][vc_empty_space][\/vc_column][vc_column width=&#8221;1\/2&#8243; heading_align=&#8221;text-center&#8221; boxed=&#8221;boxed_plus&#8221;][vc_single_image image=&#8221;1162&#8243; img_size=&#8221;&#8221;][vc_text_separator title=&#8221;Contactez Ambulance Berrechid Nacerddine Secours&#8221; title_align=&#8221;separator_align_left&#8221;][vc_column_text] Vous avez besoin d\u2019une ambulance en urgence ou souhaitez r\u00e9server un transport m\u00e9dicalis\u00e9 ?Notre \u00e9quipe est disponible 24h\/24 et 7j\/7 pour r\u00e9pondre \u00e0 vos besoins rapidement et efficacement. Nos coordonn\u00e9es T\u00e9l\u00e9phone : 0661-199948 [&hellip;]<\/p>\n","protected":false},"author":1,"featured_media":0,"parent":0,"menu_order":0,"comment_status":"closed","ping_status":"closed","template":"","meta":{"footnotes":""},"class_list":["post-255","page","type-page","status-publish","hentry"],"_links":{"self":[{"href":"https:\/\/www.ambulanceberrchid.com\/index.php?rest_route=\/wp\/v2\/pages\/255","targetHints":{"allow":["GET"]}}],"collection":[{"href":"https:\/\/www.ambulanceberrchid.com\/index.php?rest_route=\/wp\/v2\/pages"}],"about":[{"href":"https:\/\/www.ambulanceberrchid.com\/index.php?rest_route=\/wp\/v2\/types\/page"}],"author":[{"embeddable":true,"href":"https:\/\/www.ambulanceberrchid.com\/index.php?rest_route=\/wp\/v2\/users\/1"}],"replies":[{"embeddable":true,"href":"https:\/\/www.ambulanceberrchid.com\/index.php?rest_route=%2Fwp%2Fv2%2Fcomments&post=255"}],"version-history":[{"count":10,"href":"https:\/\/www.ambulanceberrchid.com\/index.php?rest_route=\/wp\/v2\/pages\/255\/revisions"}],"predecessor-version":[{"id":2207,"href":"https:\/\/www.ambulanceberrchid.com\/index.php?rest_route=\/wp\/v2\/pages\/255\/revisions\/2207"}],"wp:attachment":[{"href":"https:\/\/www.ambulanceberrchid.com\/index.php?rest_route=%2Fwp%2Fv2%2Fmedia&parent=255"}],"curies":[{"name":"wp","href":"https:\/\/api.w.org\/{rel}","templated":true}]}}